10?
-89a0
In base 7, what is -1 - -314355?
314354
In base 16, what is 8b5 - -18?
8cd
In base 16, what is 4 - 309e1?
-309dd
In base 12, what is 2483a - 59?
247a1
In base 8, what is 1303 + -2?
1301
In base 5, what is 2 - 31030333?
-31030331
In base 15, what is b - 338?
-32c
In base 10, what is 1775375 - 2?
1775373
In base 4, what is -3230 + -1?
-3231
In base 11, what is a63 + 53?
1006
In base 8, what is -3663 - -163?
-3500
In base 14, what is 12 - -4d6?
508
In base 2, what is 1001101100 - 1011101?
1000001111
In base 12, what is 20986 - 7?
2097b
In base 6, what is -1 - -55223?
55222
In base 5, what is 2 - -1241414?
1241421
In base 7, what is -60400 + 12?
-60355
In base 13, what is b844c - -4?
b8453
In base 4, what is 20231013 - -10?
20231023
In base 6, what is -12122033 - -1?
-12122032
In base 8, what is -301077 + -7?
-301106
In base 4, what is -101311313 - -12?
-101311301
In base 4, what is 2010 + 2300032?
2302102
In base 13, what is -5 + 15255?
15250
In base 13, what is 17ab1c + 1?
17ab20
In base 2, what is -101110100 + 1000101?
-100101111
In base 2, what is 1101111001010110 - 110?
1101111001010000
In base 13, what is -2a + -1154?
-1181
In base 9, what is 7846 + -10?
7836
In base 10, what is -86730 + 7?
-86723
In base 5, what is -1242332 + -132?
-1243014
In base 14, what is 3abb4 + -2?
3abb2
In base 9, what is -547 - -506?
-41
In base 14, what is -1 - 1a1?
-1a2
In base 8, what is -103 - 111?
-214
In base 2, what is 110001000010101 + -11?
110001000010010
In base 10, what is -4 + -46142?
-46146
In base 12, what is -160 - 1696?
-1836
In base 8, what is 2435 - -4?
2441
In base 4, what is -3 - -3113?
3110
In base 10, what is 3 - 139541?
-139538
In base 10, what is 5 + 309311?
309316
In base 13, what is 205 + -238?
-33
In base 16, what is 2d - d9?
-ac
In base 3, what is 1102 + -2021021022?
-2021012220
In base 3, what is -21 - -1022222022?
1022222001
In base 16, what is 201 - -e?
20f
In base 5, what is -2 + 2441322?
2441320
In base 13, what is -bb642 + 1?
-bb641
In base 5, what is -4 + 14140404?
14140400
In base 7, what is -150 - 14524?
-15004
In base 12, what is 3 + 3768?
376b
In base 5, what is -10 - 2222124?
-2222134
In base 11, what is 27 - -14a9?
1525
In base 3, what is -101110102 - 212?
-101111021
In base 12, what is 167866 - -3?
167869
In base 3, what is 21012212 - -2?
21012221
In base 14, what is 4 + -3d6c?
-3d68
In base 6, what is 400 + -1523?
-1123
In base 8, what is 2555 + -20?
2535
In base 8, what is 766343 + -2?
766341
In base 15, what is -3d28 - -1?
-3d27
In base 5, what is -23242 - 102?
-23344
In base 3, what is 2120111211 - -1010?
2120112221
In base 13, what is 467 + 39b?
835
In base 15, what is -2 + 8e65?
8e63
In base 5, what is 14411 - -4?
14420
In base 7, what is -513 + -143?
-656
In base 16, what is 1ce0e5 + -2?
1ce0e3
In base 5, what is 334 - 2340?
-2001
In base 14, what is -53 + -46dc?
-4751
In base 16, what is 1 - -c71?
c72
In base 15, what is -33d - -16?
-327
In base 5, what is -131240041 - 4?
-131240100
In base 15, what is -3 - 66c7?
-66ca
In base 11, what is -5 + -3a197?
-3a1a1
In base 10, what is 154920 + 5?
154925
In base 16, what is 21dbc + 4?
21dc0
In base 9, what is 4481623 + 4?
4481627
In base 5, what is 4 + 4214320?
4214324
In base 16, what is -1a2d - -c?
-1a21
In base 14, what is -6b9 + -639?
-d14
In base 9, what is -2338821 - -4?
-2338816
In base 12, what is 3a548 + 2a?
3a576
In base 7, what is -2462 + 335?
-2124
In base 2, what is -1010001110 + -1111?
-1010011101
In base 11, what is 0 + 9251?
9251
In base 13, what is 0 - -273c?
273c
In base 7, what is -430300 + 2?
-430265
In base 11, what is 8 + 6119?
6126
In base 10, what is 6464 - 294?
6170
In base 14, what is 7 + 339c?
33a5
In base 4, what is -20003121 + 1223?
-20001232
In base 6, what is 400123 + -2?
400121
In base 9, what is 13 + -374034?
-374021
In base 15, what is -431 + 2?
-42e
In base 15, what is -2 + aa7?
aa5
In base 12, what is -7 + 10ba84?
10ba79
In base 7, what is -20 - -26652?
26632
In base 9, what is 6042 - -16?
6058
In base 16, what is -5 + -6e0?
-6e5
In base 14, what is 0 - 87bc7?
-87bc7
In base 7, what is -15551 + -14?
-15565
In base 4, what is 10210 - -31303?
102113
In base 15, what is -c9a + 1e?
-c7b
In base 7, what is 2 + 232005?
232010
In base 2, what is -1111001 - 11?
-1111100
In base 3, what is -21010202000 + -2?
-21010202002
In base 9, what is 15 - 11571?
-11555
In base 14, what is 19887 - -a2?
19949
In base 16, what is -109f1 - 3?
-109f4
In base 12, what is -84b - -1968?
1119
In base 14, what is -111 + -15b?
-26c
In base 11, what is 3361 + -171?
31a0
In base 6, what is -15414453 + -4?
-15414501
In base 10, what is -4112666 + -2?
-4112668
In base 2, what is -11 - -1010111011000101?
1010111011000010
In base 15, what is -4 - a662?
-a666
In base 15, what is -1db2 + -d0?
-1e92
In base 4, what is 20 + -232313?
-232233
In base 14, what is 411 - 27?
3c8
In base 4, what is 22 - 221221212?
-221221130
In base 14, what is -45 - 7ac?
-813
In base 6, what is 202 - -3541?
4143
In base 12, what is 1 - 1a063?
-1a062
In base 16, what is -26 - -43?
1d
In base 10, what is 22 - 2005?
-1983
In base 11, what is 4 - -55745?
55749
In base 9, what is -388758 - -8?
-388750
In base 5, what is -11133312 + -10?
-11133322
In base 14, what is -4da42 - 2?
-4da44
In base 3, what is -10020120200 - -21?
-10020120102
In base 14, what is -63 - 3146?
-31a9
In base 10, what is 24 - -2607?
2631
In base 9, what is -3 + -377353?
-377356
In base 13, what is a9b2 + -2a?
a985
In base 6, what is 33520 - 215?
33301
In base 8, what is 4 - -121173?
121177
In base 9, what is -4612028 + -3?
-4612032
In base 2, what is -10100001 - 110001101?
-1000101110
In base 9, what is -8 + -58025?
-58034
In base 3, what is -1000221 - 101112?
-1102110
In base 4, what is 1021 + 113013?
120100
In base 15, what is -24e66 + -2?
-24e68
In base 9, what is -3 - 321364?
-321367
In base 14, what is 2 - -167d2?
167d4
In base 4, what is 211 + -112320?
-112103
In base 6, what is -35302 + 12?
-35250
In base 4, what is 130110 - 32?
130012
In base 7, what is 12 - -512?
524
In base 8, what is -36645 - 4?
-36651
In base 14, what is -11a577 + 4?
-11a573
In base 9, what is -12 + -50814?
-50826
In base 13, what is -3 - -7982?
797c
In base 2, what is -111000 - -101111?
-1001
In base 2, what is 1001000111001101 + 11?
1001000111010000
In base 10, what is 293 - 417?
-124
In base 5, what is 1024432 - -2?
1024434
In base 4, what is 10 - 1132103?
-1132033
In base 4, what is 10 + 11223001?
11223011
In base 4, what is -3 + -10023301?
-10023310
In base 8, what is 31336505 + 0?
31336505
In base 7, what is -10516155 - -2?
-10516153
In base 2, what is 1101111101 - -10?
1101111111
In base 15, what is 1a6 + 86?
23c
In base 7, what is 5 + 1041446?
1041454
In base 6, what is 2302114 + -15?
2302055
In base 10, what is -2886 - 97?
-2983
In base 9, what is -346075 - -4?
-346071
In base 8, what is 6241 - -5?
6246
In base 14, what is -ab9 + -146?
-c21
In base 9, what is 180665 - 4?
180661
In base 10, what is 1623 + -673?
950
In base 5, what is -20 - 11233233?
-11233303
In base 7, what is -162 - -10165?
10003
In base 16, what is 922 - -a?
92c
In base 3, what is -12 - -12202122100?
12202122011
In base 11, what is -34091 - 2?
-34093
In base 5, what is -3130311 - 10?
-3130321
In base 8, what is 53 + -112?
-37
In base 14, what is 51 - -717b?
71cc
In base 4, what is 310002 + 12102?
322110
In base 5, what is -110 + -40401?
-41011
In base 2, what is 10111110 + -1100101?
1011001
In base 6, what is 115 + -24?
51
In base 14, what is 796a9 - 5?
796a4
In base 6, what is -4 - -331505?
331501
In base 10, what is 32299 - -1?
32300
In base 8, what is 11317635 + -2?
11317633
In base 15, what is -255ce5 + -1?
-255ce6
In base 4, what is -10 - -10333331?
10333321
In base 8, what is -4777 + 51?
-4726
In base 7, what is -3 + 153144?
153141
In base 4, what is 3 + -13320120?
-13320111
In base 13, what is 5674 - 1a9?
5498
In base 14, what is -65629 - 5?
-65630
In base 15, what is 405c - 0?
405c
In base 5, what is -14424 - -14?
-14410
In base 14, what is 345033 + 1?
345034
In base 2, what is -101111000100011011111100 + -11?
-101111000100011011111111
In base 13, what is -29 - 462?
-48b
In base 4, what is 10122 + -1121?
3001
In base 5, what is 12 + -23334?
-23322
In base